he remainder when 3797 is divided by 8.
5
Calculate the remainder when 15083 is divided by 38.
35
What is the remainder when 6731 is divided by 47?
10
What is the remainder when 1353 is divided by 20?
13
Calculate the remainder when 11099 is divided by 18.
11
What is the remainder when 15015 is divided by 2046?
693
What is the remainder when 13218 is divided by 6608?
2
What is the remainder when 468656 is divided by 1075?
1031
What is the remainder when 101893 is divided by 7?
1
Calculate the remainder when 53225 is divided by 1008.
809
Calculate the remainder when 296 is divided by 109.
78
Calculate the remainder when 130239 is divided by 22.
21
Calculate the remainder when 3573 is divided by 144.
117
Calculate the remainder when 21177 is divided by 14.
9
What is the remainder when 82075 is divided by 1578?
19
Calculate the remainder when 75833 is divided by 480.
473
Calculate the remainder when 24730 is divided by 17.
12
What is the remainder when 66586 is divided by 372?
370
What is the remainder when 461536 is divided by 259?
257
Calculate the remainder when 27416 is divided by 595.
46
What is the remainder when 9380 is divided by 2871?
767
What is the remainder when 438 is divided by 428?
10
What is the remainder when 64933 is divided by 26?
11
Calculate the remainder when 1053 is divided by 385.
283
Calculate the remainder when 409883 is divided by 382.
379
What is the remainder when 19969 is divided by 539?
26
Calculate the remainder when 4702 is divided by 448.
222
Calculate the remainder when 4446 is divided by 247.
0
Calculate the remainder when 72900 is divided by 192.
132
What is the remainder when 2036056 is divided by 2004?
1996
What is the remainder when 8794 is divided by 225?
19
What is the remainder when 633 is divided by 131?
109
What is the remainder when 18343 is divided by 50?
43
Calculate the remainder when 2899 is divided by 573.
34
Calculate the remainder when 67561 is divided by 75.
61
What is the remainder when 24512 is divided by 662?
18
What is the remainder when 8871 is divided by 102?
99
What is the remainder when 43465 is divided by 247?
240
What is the remainder when 1353 is divided by 353?
294
Calculate the remainder when 40568 is divided by 40391.
177
What is the remainder when 614369 is divided by 207?
200
Calculate the remainder when 36807 is divided by 34.
19
What is the remainder when 27893 is divided by 283?
159
What is the remainder when 23505 is divided by 11422?
661
Calculate the remainder when 36121 is divided by 67.
8
What is the remainder when 218157 is divided by 54533?
25
Calculate the remainder when 6595 is divided by 1266.
265
Calculate the remainder when 4444 is divided by 590.
314
What is the remainder when 33417 is divided by 4765?
62
What is the remainder when 444259 is divided by 55532?
3
What is the remainder when 1719948 is divided by 77?
76
Calculate the remainder when 762 is divided by 19.
2
What is the remainder when 2898 is divided by 440?
258
What is the remainder when 17418 is divided by 264?
258
What is the remainder when 22837 is divided by 913?
12
What is the remainder when 12926 is divided by 32?
30
Calculate the remainder when 112377 is divided by 38.
11
Calculate the remainder when 8873 is divided by 199.
117
Calculate the remainder when 156885 is divided by 18.
15
Calculate the remainder when 182086 is divided by 29.
24
What is the remainder when 4196307 is divided by 34?
27
Calculate the remainder when 2832 is divided by 2706.
126
What is the remainder when 12387 is divided by 4811?
2765
What is the remainder when 720 is divided by 320?
80
Calculate the remainder when 49731 is divided by 57.
27
What is the remainder when 523850 is divided by 174605?
35
Calculate the remainder when 54230 is divided by 249.
197
What is the remainder when 84290 is divided by 2?
0
Calculate the remainder when 185009 is divided by 13.
6
What is the remainder when 10089 is divided by 558?
45
Calculate the remainder when 5623 is divided by 1117.
38
Calculate the remainder when 8749 is divided by 175.
174
Calculate the remainder when 808 is divided by 546.
262
What is the remainder when 883 is divided by 633?
250
What is the remainder when 7140 is divided by 87?
6
What is the remainder when 18430 is divided by 4546?
246
Calculate the remainder when 39575 is divided by 242.
129
Calculate the remainder when 22280 is divided by 86.
6
What is the remainder when 1752 is divided by 744?
264
What is the remainder when 437 is divided by 115?
92
Calculate the remainder when 4311 is divided by 734.
641
Calculate the remainder when 3785 is divided by 73.
62
Calculate the remainder when 2658 is divided by 2617.
41
Calculate the remainder when 263644 is divided by 23967.
7
What is the remainder when 21829 is divided by 27?
13
What is the remainder when 165163 is divided by 269?
266
Calculate the remainder when 1345 is divided by 112.
1
What is the remainder when 6736 is divided by 3337?
62
What is the remainder when 25001 is divided by 41?
32
Calculate the remainder when 159 is divided by 110.
49
What is the remainder when 596746 is divided by 2368?
10
What is the remainder when 31951 is divided by 2472?
2287
Calculate the remainder when 100571 is divided by 139.
74
What is the remainder when 8834 is divided by 185?
139
Calculate the remainder when 36385 is divided by 18026.
333
What is the remainder when 109730 is divided by 807?
785
Calculate the remainder when 22763 is divided by 849.
689
What is the remainder when 98416 is divided by 76?
72
Calculate the remainder when 4146 is divided by 696.
666
What is the remainder when 324733 is divided by 81178?
21
Calculate the remainder when 14510 is divided by 468.
2
What is the remainder when 6904 is divided by 6065?
839
Calculate the remainder when 1894 is divided by 615.
49
Calculate the remainder when 2086 is divided by 656.
118
Calculate the remainder when 9534 is divided by 444.
210
Calculate the remainder when 270 is divided by 217.
53
Calculate the remainder when 1592 is divided by 308.
52
Calculate the remainder when 6346 is divided by 1257.
61
What is the remainder when 773134 is divided by 13?
11
What is the remainder when 2449 is divided by 83?
42
Calculate the remainder when 140478 is divided by 99.
96
Calculate the remainder when 7484 is divided by 48.
44
Calculate the remainder when 12069 is divided by 3017.
1
What is the remainder when 637342 is divided by 1198?
6
Calculate the remainder when 442422 is divided by 51.
48
What is the remainder when 335754 is divided by 7?
6
Calculate the remainder when 19930 is divided by 19894.
36
What is the remainder when 96790 is divided by 20?
10
Calculate the remainder when 76921 is divided by 472.
457
What is the remainder when 244600 is divided by 610?
600
Calculate the remainder when 40408 is divided by 8075.
33
What is the remainder when 7642 is divided by 578?
128
What is the remainder when 3599 is divided by 4?
3
What is the remainder when 29976 is divided by 26?
24
What is the remainder when 20522 is divided by 86?
54
Calculate the remainder when 1744 is divided by 190.
34
Calculate the remainder when 209294 is divided by 99.
8
Calculate the remainder when 3509 is divided by 492.
65
What is the remainder when 2463 is divided by 135?
33
What is the remainder when 37932 is divided by 33?
15
Calculate the remainder when 232069 is divided by 7252.
5
Calculate the remainder when 2036 is divided by 44.
12
Calculate the remainder when 3564 is divided by 105.
99
Calculate the remainder when 3733207 is divided by 28.
23
What is the remainder when 20756 is divided by 6901?
53
What is the remainder when 6271598 is divided by 50?
48
Calculate the remainder when 291 is divided by 92.
15
Calculate the remainder when 104655 is divided by 196.
187
What is the remainder when 11982 is divided by 70?
12
Calculate the remainder when 8708 is divided by 4340.
28
Calculate the remainder when 16816 is divided by 16347.
469
What is the remainder when 88358 is divided by 18?
14
What is the remainder when 9125 is divided by 3039?
8
Calculate the remainder when 16697 is divided by 10.
7
Calculate the remainder when 858 is divided by 400.
58
Calculate the remainder when 520534 is divided by 32.
22
Calculate the remainder when 157